pose 10 - 4 = 3*i. Let x(j) = 4*j - 3. Give x(i).
5
Let z(r) = -r**3 + 3*r**2 - 4*r - 7. Let q(y) = -3*y**3 + 5*y**2 - 9*y - 14. Let p(t) = -2*q(t) + 5*z(t). Let c be -3*(2 + 1/(-3)). What is p(c)?
3
Let c(i) be the first derivative of i**2/2 + 4*i + 1. Suppose -5*s - 17 = -10*s + 2*m, -5*m = -4*s. Let n(l) = -1. Let k(f) = s*n(f) + c(f). What is k(2)?
1
Let h(b) = -3*b**2 + 3*b + 2. Let q(g) = 2*g**2 - 2*g - 1. Let r(u) = -3*h(u) - 5*q(u). Calculate r(0).
-1
Let s = 6 + -5. Suppose -s = -3*n + 11. Let w(p) = p - 5. Calculate w(n).
-1
Let a = 13 - 15. Let d(q) = -q**3 - 3*q**2 - 2*q. Give d(a).
0
Let c be ((-5)/(-15))/(2/12). Let u be c/5*(11 + -6). Let j(m) = -6 - m**3 - 3*m**u + 5 - m**2. Determine j(-2).
-9
Let c(i) = -i - 6. Let s(x) = -7*x**2 - 2*x - 1. Let m be s(-1). Let v = 1 + m. Determine c(v).
-1
Let k(m) = 9*m - 18. Let x(c) = -c**3 - 8*c**2 - 9*c - 1. Let q be x(-7). Let p(f) = -4*f + 9. Let u(l) = q*p(l) + 6*k(l). Give u(-6).
-3
Suppose h = -3*h - 12. Let l = h - 0. Let q(o) = -o - 19 - o + 20. Calculate q(l).
7
Let g(c) = 2*c - 12 + 12. Let y(u) = -3*u. Let j(b) = -5*g(b) - 4*y(b). Determine j(4).
8
Let z(g) = -g**3 + 3*g**2 + 5*g - 2. Let w be z(4). Let x(c) = -c**3 - c - 2*c + 3*c**w + 0*c**3. What is x(2)?
-2
Let g(r) = 5 - 2*r - 6 + 0. Let j be 4/(-6)*45/10. Calculate g(j).
5
Let f(g) = g + 1. Let b be 3*(1 + 59/3). Suppose -3*o = 2*h - 29, 0*o - b = -4*o + 2*h. Suppose -o = 3*s + 5*q, -3*s + 17 = -0*q - q. Give f(s).
5
Suppose 16 = -4*n + 5*x - 0*x, -3*n + 4*x = 12. Let j(y) = 2*y - 2. Calculate j(n).
-10
Let d(t) = -4*t**2 + 11*t - 5*t**2 - 4*t**2 + 21*t**2 - 5 + 5*t**3. Let o = 5 + 3. Let j(y) = 2*y**3 + 3*y**2 + 4*y - 2. Let u(r) = o*j(r) - 3*d(r). Give u(2).
5
Suppose -z = -4*w - 51, 0 = 2*w + 4*z + 52 - 4. Let m be w/(-18) - (-2)/9. Let k(l) = 7*l**3 + 4 + l**2 + l**2 - 5 + 0*l**2. What is k(m)?
8
Suppose 0*o - 20 = 4*o. Let a = 9 + o. Let m(x) = -x**3 + 5*x**2 - 3*x + 1. Calculate m(a).
5
Let i(a) = -4*a**3 + 2*a**2 - 1. Let u be i(1). Let l(q) = q**2 + 3. Calculate l(u).
12
Let s(k) = -2*k**2 + 1 + 0 + 0*k**2 + k. Suppose 8*q + 2 = 9*q. Suppose 0 = j + q*f + 3 + 3, -5*f = 20. What is s(j)?
-5
Let j(m) be the third derivative of m**5/12 + m**4/24 + m**3/6 + 3*m**2. Calculate j(-1).
5
Let u(s) = -5 + 3 - s - 3. What is u(0)?
-5
Let k(o) be the first derivative of -o**2/2 + o - 6. Let i = -2 + 6. Determine k(i).
-3
Let a(b) = -b + 10. Let z be (2/(-3))/(8/12). Let l be -4 - z - 15/(-5). Suppose -4*f + 4*w = f - 9, l = f - 4*w + 11. What is a(f)?
5
Let a(j) = j - 3. Let c be a(-3). Let f(g) be the first derivative of -g**4/4 - 2*g**3 - g**2 - 5*g - 7. Determine f(c).
7
Let x(z) be the first derivative of 2*z - 1 - 1/4*z**4 + 2/3*z**3 + 1/2*z**2. Let o = -3 - -6. Determine x(o).
-4
Suppose 5*t + 2 = 4*q - 6, 2*q - 4 = -2*t. Let k(w) = -q*w - w**2 + 2*w + 5. Calculate k(0).
5
Let h(w) = -4*w**2 - 5 + 5. Let p(r) = r + 8. Let q be p(-7). Give h(q).
-4
Let q(o) be the second derivative of o**5/20 + o**4/3 - 4*o**3/3 - 7*o**2/2 + 5*o. What is q(-5)?
8
Suppose -3*c + 14 = 2*c - 3*o, 2*o - 4 = 0. Let q(f) = -2*f + 0*f + 1 - c*f + 8*f. Calculate q(-1).
-1
Let b(g) be the first derivative of -g**2/2 + 2*g + 5. What is b(-2)?
4
Let b(o) be the first derivative of o**2/2 + o - 1. Let k(z) = -z**2 - 9*z - 5. Let n be k(-9). Determine b(n).
-4
Let m(q) = 2*q - 547*q**2 + 0*q + 549*q**2 + 2. Give m(-2).
6
Let f(c) be the third derivative of 0 + 0*c + 1/60*c**5 - 1/3*c**3 + 1/8*c**4 - 2*c**2. Calculate f(-2).
-4
Let n(q) = q**2 + 3*q + 3. Let s = 22 - 24. Calculate n(s).
1
Let w(p) = 3*p**2 + 3. Let d(v) = 1. Let x(f) = -2*d(f) + w(f). Calculate x(-2).
13
Let q = 6 + -3. Let p(x) = -x**3 + 4*x**2 - 3*x - 3. Let f be p(q). Let i(z) = -78*z**3 - 3*z**2 + 1 + 77*z**3 + 0 + 1. What is i(f)?
2
Let r(a) = 2*a + 1. Let s be ((-10)/4)/(4/8). Calculate r(s).
-9
Let k(o) be the first derivative of 7*o**4/2 - o**3/3 - 34. Determine k(1).
13
Let t = 64 + -70. Let x(w) be the first derivative of w**4/4 + 7*w**3/3 + 3*w**2 + 3*w + 2. Determine x(t).
3
Let a(m) = -m**2. Let p = 5 - 0. Suppose 0 = 2*c + 3*c - p. Give a(c).
-1
Let a(z) = z**3 + 7*z**2 + 5*z - 9. Let o be a(-6). Let t(p) = p**3 + 3*p**2 - 3*p - 1. Calculate t(o).
8
Let i be (8 - 9) + 3/1. Let r(j) = -3*j**2 + 2*j**2 + 2*j**i - 1 + 0*j + j. Calculate r(-2).
1
Suppose 0 = -8*n - 6 - 10. Let l(u) = -8*u**2 - 4*u - 3. Give l(n).
-27
Let z(w) be the third derivative of -w**7/1260 + w**6/240 - w**5/40 - w**4/24 + 2*w**2. Let t(u) be the second derivative of z(u). Give t(2).
-5
Let n be 12*(0 - (-2)/4). Let x(p) = -p + 20 - 39 + 28. What is x(n)?
3
Let z(i) = -i**3 - 5*i**2 + 6*i - 7. Let g(f) = f**2 - 14*f - 22. Let t be g(16). Suppose -7*c + 18 = -t*c. What is z(c)?
-7
Let b(l) = 3*l**2 - l - 3. Let p = 10 + -8. Let u be 0 + (p + -23)/(-3). Let k(z) = -z**2 + 1. Let x(w) = u*k(w) + 2*b(w). Give x(-5).
-14
Suppose -11 - 19 = -5*m. Let v(u) = -7 + 3*u - 7*u**2 - 5*u + m. What is v(-1)?
-6
Suppose -5*b - 3*n - 27 = -2*b, -5*b = 3*n + 35. Let k(c) = c**3 + 5*c**2 + 2*c - 4. Determine k(b).
4
Let x = 14 - 11. Let b(z) = x*z - 6 - 3*z + 0 + 2*z. Calculate b(6).
6
Let o(h) = h**2 - 6*h + 2. Let s be 2 - ((-2)/2 + -1). Give o(s).
-6
Let j = 11 + -7. Let i(d) = 3 + d - 1 + d + j*d. Calculate i(-2).
-10
Let w(b) be the first derivative of -b**3/3 + 7*b**2/2 + 4*b - 3. Let t(f) = -f**2 + 6*f + 3. Let o(g) = 5*t(g) - 4*w(g). Calculate o(3).
-4
Let p = -6 + 10. Let w(y) be the first derivative of -y**6/360 + y**5/30 - y**4/24 + 8*y**3/3 + 6. Let r(x) be the third derivative of w(x). What is r(p)?
-1
Let f(n) = -n**2 - 4*n + 8. Let d be (-2)/(-10) + 62/(-10) + 0. Give f(d).
-4
Let a(s) = 1124*s + 7 - 3 - 1126*s. Calculate a(-7).
18
Let j(p) = p**2 + 2*p + 7. Let w(m) = -2*m**2 - 3*m - 14. Let y(g) = 5*j(g) + 3*w(g). Suppose -5*s - 5 = -0, -3 = -3*o + 3*s. Give y(o).
-7
Let s(b) = -b**3 + b + 0*b**3 + 253 - 244. Calculate s(0).
9
Let n(y) = y - 5. Let l(r) = -4*r + 20. Let w(s) = -2*l(s) - 9*n(s). What is w(6)?
-1
Let j be (-4)/4*0/2. Let h(r) be the first derivative of r**3/3 + r**2/2 + 2*r - 8. What is h(j)?
2
Suppose 3 = k + 1. Suppose -k*s - 5*i = -25, 5*s - 26 = s - 2*i. Let c(u) = 0*u + s*u + 3*u - 5*u + 4. Determine c(-4).
-8
Let s(u) = -2*u**3 - 2*u**2 + u. Let f(t) = t**2 + 8*t + 10. Let i be f(-6). Determine s(i).
6
Let o(l) = 1 + 287*l - 142*l - 146*l. Calculate o(4).
-3
Let a(h) = 7*h**2 + 2*h + 1. Let u(v) = -34*v**2 - 11*v - 6. Let s(d) = 11*a(d) + 2*u(d). What is s(-1)?
8
Let w(r) = -2*r - 5. Let i be w(-4). Let a(t) = -3*t**2 + 20*t**3 + 3*t - 19*t**i - 2*t**2 + 3. Calculate a(4).
-1
Let x(i) = i. Let j(z) = z - 5. Let n be j(5). Suppose -d = -n*d + 2. Calculate x(d).
-2
Let y(r) = -5*r. Suppose -2*n + 4 = 0, -2*n - 21 = -t - 5*n. Let w be (-267)/t - 1/5. Let u be 2/(-5) - w/(-30). What is y(u)?
5
Let a = 10 - 12. Let p(m) = -4*m**2 - 2*m. Calculate p(a).
-12
Let g(a) be the first derivative of 0*a - 1/2*a**2 + 5/3*a**3 - 2. Suppose 3*h - 3 = -0*h. Give g(h).
4
Suppose -12 = 5*l - 4*d + 11, -4*l - 5*d = 2. Let f(s) = 2*s**2 - 7*s + 4. Let t(x) = 3*x**2 - 13*x + 8. Let m(h) = -5*f(h) + 3*t(h). Calculate m(l).
7
Let y(z) be the first derivative of -z**2/2 + 2*z + 4. Calculate y(-1).
3
Suppose 3*u + 15 + 10 = 5*c, 5*u = -4*c - 17. Let a(p) = -p**3 - 4*p**2 + 3*p - 5. What is a(u)?
5
Suppose v = -0*v. Let l(k) = k + 6*k - k**3 - 2*k + 5*k**2 + v*k + 3. Give l(6).
-3
Let a(v) = -2*v**3 + 15*v**2 - 3. Let z(x) = x**3 - 7*x**2 + 1. Let m(o) = 3*a(o) + 7*z(o). Determine m(4).
-2
Let d be (-2)/1 - (0 - 2). Suppose d = -s - 2*s + 6. Let n(g) = 0 + 1 - 1 + 5 - s*g. Give n(4).
-3
Let o be (4 + -2 + 1)*1. Suppose o*i - i = -2. Let b(q) = -5*q**3 + 2*q**2 - 3*q - 5. Let m(w) = -w**3 + w**2 - 1. Let r(n) = i*b(n) + 4*m(n). Determine r(-2).
-5
Let h(t) be the third derivative of -t**6/120 + t**5/10 - t**4/3 + 5*t**3/6 + 35*t**2. Determine h(5).
-10
Let x(u) = u**2 + 5*u + 1. Let n be -9 + (-5)/(10/(-4)). Let a = 2 + n. Let w = 2 + a. Give x(w).
-5
Let l(v) = 33*v**2 + 8. Let c(i) = 11*i**2 + 3. Suppose -2*g - 4 = 4. Let u(z) = g*l(z) + 11*c(z). Give u(-1).
-10
Let k be (-8)/(-20) - 2/5. Let b = 0 + k. Let i(j) = b*j**2 - 2*j**2 + 2*j + j**2 - 1 + j**3. Determine i(1).
1
Let c be (110/88)/(1/(-4)). Let